3/6 + 3*z**2/2 + 152580*z. Let d = 2 + 10. Calculate n(d).
15
Let r(z) = -z**3 + 21*z**2 + 22*z - 7. Suppose 330 = 23*p - 8*p. Let k be r(p). Let o(d) = -d**3 - 7*d**2 + d + 7. Determine o(k).
0
Let c(z) = -18*z + 963. Let s(j) = -j + 60. Let t(i) = -4*c(i) + 63*s(i). Calculate t(8).
0
Let u(r) = 182*r**2 - 573*r**2 + r**3 - 107*r + 340*r**2 + 38. What is u(53)?
-15
Let x(p) = -5*p - 6 - 8*p + 4*p + p**2. Suppose -2*q + 16*o + 16 = 13*o, -5*o = 0. Give x(q).
-14
Let o(n) be the first derivative of -2*n - 55 + 1/2*n**2. Determine o(8).
6
Let j(q) = q**3 - 4*q**2 - 5*q - 15. Suppose 10*i = -5*g - 50, 0 = 10*g - 11*g + 4*i + 38. Calculate j(g).
27
Let v(w) = 60*w + 8. Let f(j) = -221*j - 25. Let k(y) = 6*f(y) + 22*v(y). What is k(6)?
-10
Suppose -w - 6 = -2*y, -2*w - 3 = -3*y + 5. Let c be (32/40)/(w/(-15)). Let g(z) = -4*z - 20. What is g(c)?
4
Let z(f) = f**3 - 4*f**2 - 12*f + 51. Let x be z(4). Let d(b) = -11*b**2 - 5*b + 5. Determine d(x).
-109
Let h(r) = -r**3 - 2*r**2 + 3*r + 3. Let m be 1/(-4) - (3 + 145/(-20)). Suppose -m*t = 2*l - 110, 5*t - t = 2*l + 90. Let b = t + -28. What is h(b)?
3
Let l be 4/26 + (-200)/(-52). Let q(m) be the third derivative of 0 + 0*m + 13*m**2 + 1/24*m**4 + 0*m**3. Give q(l).
4
Let i(t) = -16*t - 9. Let w(y) = 7*y + 4. Let j(o) = 2*i(o) + 5*w(o). Let h = 1102 - 1097. Calculate j(h).
17
Let y = -60 - -65. Let t = 7 - y. Suppose z + t*r - 23 = -3*r, -3*z - 2*r = -4. Let h(p) = 2*p**2 - 2*p - 1. Determine h(z).
11
Let z(p) = -12*p + 231. Let r be z(19). Suppose 60 = r*m + 7*m. Let u(c) = c**2 - 4*c - 4. Give u(m).
8
Let n be (-1)/((-9)/42) + 296/(-444). Let d(p) be the third derivative of -3*p**2 + 0 + 1/24*p**n + 1/6*p**3 + 0*p. Determine d(4).
5
Let s be (7 + 0)/((-5)/43180*-4). Let k(f) = s*f**2 - 1 + 4 - 15114*f**2. Suppose 0 = -2*y - 2*y. Determine k(y).
3
Let m(c) be the second derivative of -4*c**3/3 - 27*c**2/2 + 11549*c. Calculate m(-11).
61
Let f(p) = p - 2. Let d(w) = -15*w - 159. Let t be d(-12). Suppose 4*b - 102 = t*b. Calculate f(b).
-8
Let p(a) be the third derivative of -a**5/60 - 13*a**4/24 - 31*a**3/6 - 269*a**2. What is p(-3)?
-1
Let d(x) = -5*x**3 - 2*x - 1. Let v be ((-252)/(-49))/(2/49). Let u = 114 - v. Let z be -2*(2 - (-18)/u). What is d(z)?
6
Suppose -159 = 2*g + 33. Let w be (-24)/(8/(g/(-18))). Let s be 1/3 - w/(-48). Let u(o) = o**3 + o + 5. Calculate u(s).
5
Let h(b) = 5*b**2 + 17*b - 4. Let x be ((-64)/28)/((-2)/7). Let t be h(x). Let d(c) = t + c**3 - 3*c**2 - 453 - 2*c**2. What is d(5)?
-1
Let n(j) be the second derivative of 7 + 1/20*j**5 - 3/2*j**2 + 0*j**4 + 11*j + 0*j**3. What is n(0)?
-3
Let v(z) = -z + 73. Let x be v(20). Let w = 58 - x. Let h(g) = -g**3 + 4*g**2 + 4*g + 4. Let r be h(w). Let p(k) = 2*k**3 + 2*k**2 - 1. What is p(r)?
-1
Let y be 4/(-6) - (-152)/12. Let x(m) = -11*m**2 - 53*m - 18. Let v(h) = -5*h**2 - 22*h - 10. Let d(c) = -9*v(c) + 4*x(c). Calculate d(y).
-6
Suppose 2*m + 10 = 2*s - 0*m, -2*m - 10 = 0. Let u(l) = s*l - 2*l + l. Let z be 40/(-52)*1248/240. Give u(z).
4
Suppose -f + 2*o = 1, -4*f - 6 = -o - 30. Let t(d) = -d**2 + 8*d + 4747 - 9489 + 4732. What is t(f)?
-3
Let q(z) be the second derivative of z**6/180 + z**5/15 + z**4/6 + 7*z**2 + 148*z. Let i(b) be the third derivative of q(b). Determine i(-4).
-8
Let q(h) = h**3 - 5*h**2 + 4*h - 64. Let m be q(6). Let s(g) = g**3 + 5*g**2 - 5*g - 8. Determine s(m).
28
Let w(s) = -61 - 10 - 63 + 14*s + 74. Calculate w(5).
10
Let i(l) be the second derivative of l**4/2 + 223*l**3/6 + 23*l**2 - l + 1310. What is i(-37)?
9
Suppose -175*j - 58*j + 104 = -595. Let t(i) be the second derivative of i**5/20 - i**4/3 - i**3/3 + 3*i**2/2 - 7*i. Give t(j).
-12
Let y be (1/1*1)/((-4)/(-84)). Suppose y*d = 18*d - 24. Let v(p) = -7 - 8*p + 25*p**3 + 7*p**2 + 45*p**3 - 69*p**3. Calculate v(d).
-7
Let x = 213 + -183. Suppose x = -15*t + 15. Let w(s) = 13*s**3 + s**2 + 2*s + 1. What is w(t)?
-13
Let p(k) = k**3 + k**2 - 5*k - 4. Let b(w) = w**3 - 83*w**2 + 87*w - 408. Let u be b(82). Determine p(u).
-2
Suppose 4 = -4*p + 5*p. Let z(k) be the second derivative of 5/6*k**3 - 56 + k - 1/3*k**4 - 3/2*k**2 + 1/20*k**5. What is z(p)?
17
Let y(s) be the second derivative of 0*s**2 + 0 - 1/6*s**4 + 1/20*s**5 - 25*s + 1/3*s**3. Determine y(3).
15
Let t = 2239/9 - 17909/72. Let s(a) be the third derivative of -t*a**4 + 0*a + 0 + 28*a**2 + 1/12*a**5 + 0*a**3 - 1/120*a**6. Calculate s(3).
15
Let q(c) be the third derivative of c**5/60 - 23*c**4/12 - 22*c**3 + 89*c**2 + 26*c. Determine q(-3).
15
Let v(q) be the first derivative of q**2/2 + 28*q + 2262. Calculate v(-14).
14
Let n be ((-99)/(-66))/((-2)/(-16)). Suppose -2 - n = 2*o. Let b(x) = -x**2 - 6*x - 5. Give b(o).
-12
Let v(x) be the first derivative of -x**4/4 + x**3/3 - x**2 + x - 318. Suppose 2*t + 2*t = 12. What is v(t)?
-23
Suppose -2*d - 12 + 2 = -4*h, 2*h = 5*d + 9. Let r(w) = -9*w + w**2 + 6 + 21*w - 1 + h. What is r(-11)?
-4
Suppose -7 + 23 = -4*j + 4*q, -3*j = 2*q - 33. Let w(n) be the first derivative of n**3/3 - n**2/2 + n - 1. Calculate w(j).
21
Let b(x) = -18*x. Let j(s) = s. Let m(n) = -b(n) + j(n). Let u(v) = -95*v. Let r = 73 - 84. Let i(y) = r*m(y) - 2*u(y). Determine i(-1).
19
Let l be 330/(-220) - (0 + 10/4). Let q(m) = -m**3 + 9*m - 1. Give q(l).
27
Let x(h) = 6*h + 71. Let l be x(-11). Let b(v) = 4 - 4 - l + v. Calculate b(9).
4
Let x(l) = l**2 + 7*l - 2. Let j(z) = 7*z + 24. Let i(h) = 5*h + 22. Let a(t) = 4*i(t) - 3*j(t). Let c be a(24). Calculate x(c).
6
Let q(c) be the third derivative of c**5/60 - 11*c**4/24 + c**3 - 15*c**2 - 3*c - 1. Determine q(9).
-12
Let f(o) = -10*o**2 - 71*o - 7. Let n be f(-7). Let t(a) = -4*a + 9 + 2*a + 0*a + 9. Give t(n).
18
Let f(p) = p**3 - 10*p**2 + 6*p - 18. Let v = -7758 - -7767. Determine f(v).
-45
Let f(i) be the second derivative of -3*i**5/20 + 25*i**4/12 + 17*i**3/6 + 19*i**2/2 - 4820*i. Give f(9).
10
Suppose 10*j - 111 - 139 = 0. Let h(r) = 9 - j + 13 - r. Determine h(-5).
2
Let i(z) = z**2 + 8*z. Let r(d) = d**2 - 18*d + 30. Let j be r(17). Suppose 30 = -5*b - 3*h, j*b - 9*b + 3*h + 24 = 0. Calculate i(b).
-12
Let t(k) = -k + 3. Let r be ((-14)/56)/((-2)/16). Suppose -5*f + 2*w = -66, -4*f - w = r*w - 39. Calculate t(f).
-9
Let m(t) be the first derivative of -t**4/4 - 10*t**3/3 - 9*t**2/2 + 14*t - 7440. Determine m(-8).
-42
Let v(c) = 3*c + 3. Let s(k) = k + 1. Let m(j) = -18*j - 16. Let w(g) = -m(g) + 6*s(g). Let a(i) = -6*v(i) + w(i). Calculate a(-3).
-14
Suppose 294 = 96*a + 272 - 842. Let b(l) = -l**3 + 8*l**2 + 10*l - 15. What is b(a)?
-6
Let r(v) = v + 7. Let k be r(-5). Let z(g) = 15 - 15 + 5*g - k. Give z(2).
8
Let y(k) = -10*k + 18. Let h(a) be the third derivative of a**4/24 + a**3/2 + 3*a**2 - a. Let p(x) = -6*h(x) + y(x). Calculate p(2).
-32
Let g(x) = x - 1. Let f(z) = 4*z**2 + 7*z + 1. Let s(u) = f(u) - 2*g(u). Suppose -y - 3 = -w, -3*y = -8*y + 3*w - 15. Determine s(y).
24
Let i(t) = -87 + 25 + 3*t + 37 + 8*t**2 + 28. What is i(-2)?
29
Let i be (-153)/(-6)*-20*5/(-15). Let c(d) = -i - d**2 - 6*d + 82 + 91. What is c(-8)?
-13
Let y be 15/18*6/(-15)*108/9. Let i(k) = 2*k**2 + 1 + 114*k - 108*k + 0*k**2 + 0. What is i(y)?
9
Let h(p) = -73834*p + 147667*p + 16 - 73836*p. Calculate h(-11).
49
Let n(g) = -6644*g + 3312*g - 21 + 3329*g. What is n(-9)?
6
Suppose 9 - 37 = -o + 5*u, 0 = 5*o - 4*u - 35. Let s(a) = -1 + 3*a**o - 5 + a**3 - 9*a - 5*a**3 - 10*a**2. Let w be -8 + (-7)/(-21) + (-12)/9. What is s(w)?
-6
Let w(c) = -c**3 + 12*c**2 - 10*c - 7. Let f be w(11). Let y(u) = 4 - f*u - 5*u - 3*u + 15*u - 2*u. Let i(b) = -3*b - 1. Let x be i(1). Give y(x).
0
Let z(u) = -5*u - 2*u**2 - u**2 + 18*u**3 - u**2 - 8 - 19*u**3 + 2. Give z(-3).
0
Let f(m) = 3*m**2 - 1 + 3*m - 6 - 4. Let a(y) = -y**2 - y + 5. Suppose -5*r = -3*r + 4. Let i(h) = r*f(h) - 5*a(h). What is i(3)?
-15
Suppose r = 4*u + 51, -5*r + 3*u + 214 = -41. Let f(o) = -56*o**3 + 1 - o + 2*o + o + r*o**3. Calculate f(-1).
4
Suppose 3*s - 6*s = 372. Let l = s - -186. Let m = l + -55. Let z(d) = d**3 - 7*d**2 + 3. Determine z(m).
3
Let v(a) = -a**3 - 3*a**2 + 4*a + 1. Let q be v(-4). Let y(h) be the first derivative of -5*h**3 + h - 5275. What is y(q)?
-14
Suppose -6 = 63*d - 64*d. Let v(g) be the third derivative of -g**4/8 - 2*g**3/3 + g**2. What is